{"id":27,"date":"2014-05-24T06:48:50","date_gmt":"2014-05-24T06:48:50","guid":{"rendered":"http:\/\/naschkatze.at\/?page_id=27"},"modified":"2026-04-01T09:58:45","modified_gmt":"2026-04-01T07:58:45","slug":"team","status":"publish","type":"page","link":"http:\/\/www.naschkatze.at\/?page_id=27","title":{"rendered":"Team"},"content":{"rendered":"<table>\n<tbody>\n<tr>\n<td style=\"text-align: center;\" width=\"604\"><strong>Slawe Mladenovic \u2020<\/strong><br \/>\nSenior Chef 1980-2005<\/td>\n<\/tr>\n<tr>\n<td style=\"text-align: center;\" width=\"604\"><strong>Alexandra Gschwandtner-Mladenovic<\/strong><br \/>\nEigent\u00fcmerin\/Inhaberin seit 2005<\/td>\n<\/tr>\n<tr>\n<td style=\"text-align: center;\" width=\"604\"><strong>Andreas Gschwandtner<\/strong><br \/>\nEigent\u00fcmer\/Inhaber 2005-2020<\/td>\n<\/tr>\n<tr>\n<td style=\"text-align: center;\" width=\"604\"><strong>Peter Gschwandtner<\/strong><br \/>\nGesch\u00e4ftsf\u00fchrer seit 2014<br \/>\nEigent\u00fcmer\/Innhaber seit 2020<\/td>\n<\/tr>\n<\/tbody>\n<\/table>\n","protected":false},"excerpt":{"rendered":"<p>Slawe Mladenovic \u2020 Senior Chef 1980-2005 Alexandra Gschwandtner-Mladenovic Eigent\u00fcmerin\/Inhaberin seit 2005 Andreas Gschwandtner Eigent\u00fcmer\/Inhaber 2005-2020 Peter Gschwandtner Gesch\u00e4ftsf\u00fchrer seit 2014 Eigent\u00fcmer\/Innhaber seit 2020<\/p>\n","protected":false},"author":1,"featured_media":0,"parent":23,"menu_order":0,"comment_status":"closed","ping_status":"closed","template":"","meta":{"footnotes":""},"class_list":["post-27","page","type-page","status-publish","hentry"],"_links":{"self":[{"href":"http:\/\/www.naschkatze.at\/index.php?rest_route=\/wp\/v2\/pages\/27","targetHints":{"allow":["GET"]}}],"collection":[{"href":"http:\/\/www.naschkatze.at\/index.php?rest_route=\/wp\/v2\/pages"}],"about":[{"href":"http:\/\/www.naschkatze.at\/index.php?rest_route=\/wp\/v2\/types\/page"}],"author":[{"embeddable":true,"href":"http:\/\/www.naschkatze.at\/index.php?rest_route=\/wp\/v2\/users\/1"}],"replies":[{"embeddable":true,"href":"http:\/\/www.naschkatze.at\/index.php?rest_route=%2Fwp%2Fv2%2Fcomments&post=27"}],"version-history":[{"count":19,"href":"http:\/\/www.naschkatze.at\/index.php?rest_route=\/wp\/v2\/pages\/27\/revisions"}],"predecessor-version":[{"id":1682,"href":"http:\/\/www.naschkatze.at\/index.php?rest_route=\/wp\/v2\/pages\/27\/revisions\/1682"}],"up":[{"embeddable":true,"href":"http:\/\/www.naschkatze.at\/index.php?rest_route=\/wp\/v2\/pages\/23"}],"wp:attachment":[{"href":"http:\/\/www.naschkatze.at\/index.php?rest_route=%2Fwp%2Fv2%2Fmedia&parent=27"}],"curies":[{"name":"wp","href":"https:\/\/api.w.org\/{rel}","templated":true}]}}